oes 4 divide 22036?
True
Is 76 a factor of 8284?
True
Is 6530 a multiple of 5?
True
Does 7 divide 560?
True
Is 76 a factor of 2302?
False
Does 14 divide 252?
True
Does 15 divide 675?
True
Does 36 divide 693?
False
Is 3720 a multiple of 124?
True
Does 8 divide 23873?
False
Is 43 a factor of 2150?
True
Does 7 divide 317?
False
Is 42151 a multiple of 61?
True
Is 2146 a multiple of 3?
False
Does 13 divide 10738?
True
Is 6 a factor of 870?
True
Does 4 divide 744?
True
Is 10645 a multiple of 69?
False
Is 72 a multiple of 34?
False
Is 6 a factor of 222?
True
Does 14 divide 14?
True
Is 7 a factor of 1399?
False
Is 64 a factor of 29806?
False
Is 200 a factor of 26200?
True
Is 2 a factor of 147?
False
Does 24 divide 21029?
False
Is 6 a factor of 228?
True
Is 9 a factor of 31482?
True
Is 45 a factor of 640?
False
Is 25 a factor of 14100?
True
Is 2389 a multiple of 15?
False
Is 10094 a multiple of 100?
False
Is 144 a factor of 66672?
True
Is 65776 a multiple of 16?
True
Is 7 a factor of 756?
True
Does 14 divide 196?
True
Does 29 divide 7366?
True
Is 7 a factor of 3307?
False
Does 29 divide 26477?
True
Does 132 divide 3168?
True
Does 107 divide 3586?
False
Is 182 a multiple of 2?
True
Is 10 a factor of 33590?
True
Is 73305 a multiple of 148?
False
Is 25 a factor of 200?
True
Is 99 a factor of 693?
True
Is 58 a factor of 1921?
False
Is 81 a factor of 1685?
False
Is 56962 a multiple of 12?
False
Is 23 a factor of 276?
True
Is 3950 a multiple of 30?
False
Does 19 divide 2186?
False
Does 218 divide 56331?
False
Is 70 a multiple of 14?
True
Is 46 a factor of 79810?
True
Is 34 a factor of 7888?
True
Is 29580 a multiple of 17?
True
Is 53 a factor of 12508?
True
Is 236 a factor of 45188?
False
Is 13020 a multiple of 84?
True
Is 99 a factor of 680?
False
Is 4581 a multiple of 9?
True
Is 38 a factor of 12312?
True
Does 2 divide 4055?
False
Is 215 a factor of 102268?
False
Is 1066 a multiple of 9?
False
Does 3 divide 1521?
True
Does 16 divide 23952?
True
Is 10 a factor of 30567?
False
Is 2961 a multiple of 2?
False
Is 4778 a multiple of 5?
False
Is 10 a factor of 7970?
True
Does 117 divide 56277?
True
Is 18506 a multiple of 6?
False
Is 290 a multiple of 33?
False
Is 34 a multiple of 23?
False
Is 30 a factor of 2010?
True
Is 329 a multiple of 7?
True
Does 21 divide 546?
True
Does 14 divide 1926?
False
Is 22 a factor of 3146?
True
Does 53 divide 3053?
False
Does 60 divide 2311?
False
Is 19760 a multiple of 38?
True
Is 12 a factor of 658?
False
Is 78384 a multiple of 16?
True
Is 42423 a multiple of 79?
True
Does 44 divide 4192?
False
Is 2788 a multiple of 17?
True
Is 142 even?
True
Is 5 a factor of 220?
True
Is 71422 a multiple of 67?
True
Does 47 divide 3981?
False
Does 42 divide 4362?
False
Is 29 a factor of 39353?
True
Is 828 a multiple of 36?
True
Does 41 divide 615?
True
Does 32 divide 436?
False
Is 5814 a multiple of 102?
True
Is 4779 a multiple of 27?
True
Does 31 divide 6078?
False
Is 224 a factor of 6631?
False
Does 171 divide 3933?
True
Does 17 divide 527?
True
Is 102 a factor of 385?
False
Is 13908 a multiple of 19?
True
Is 26 a factor of 25717?
False
Is 92 a factor of 21252?
True
Is 97548 a multiple of 12?
True
Is 226 even?
True
Is 12 a factor of 18564?
True
Is 2009 a multiple of 30?
False
Is 62 a factor of 868?
True
Is 1051 even?
False
Is 3510 a multiple of 26?
True
Is 257 a multiple of 11?
False
Is 31 a factor of 1083?
False
Is 7390 a multiple of 19?
False
Is 120 a multiple of 6?
True
Does 159 divide 7791?
True
Does 15 divide 45315?
True
Is 1935 a multiple of 24?
False
Is 83129 a multiple of 97?
True
Is 7 a factor of 22974?
True
Is 20234 a multiple of 67?
True
Does 9 divide 1404?
True
Is 167 a factor of 9185?
True
Does 13 divide 163?
False
Is 30 a factor of 2097?
False
Is 13 a factor of 5792?
False
Is 2060 a multiple of 77?
False
Does 13 divide 1209?
True
Is 1703 a multiple of 30?
False
Is 24574 a multiple of 11?
True
Is 285 a multiple of 4?
False
Does 14 divide 4830?
True
Is 2 a factor of 979?
False
Is 42 a multiple of 14?
True
Is 2867 a multiple of 33?
False
Is 42705 a multiple of 15?
True
Is 40 a factor of 2800?
True
Is 4225 a multiple of 25?
True
Is 5 a factor of 5230?
True
Is 13 a factor of 767?
True
Is 25691 a multiple of 23?
True
Does 7 divide 676?
False
Is 11 a factor of 880?
True
Is 38 a factor of 15221?
False
Is 82497 a multiple of 257?
True
Is 2 a factor of 175?
False
Is 18557 a multiple of 7?
True
Is 2442 a multiple of 14?
False
Does 6 divide 567?
False
Is 11 a factor of 426?
False
Is 17 a factor of 3723?
True
Is 85727 a multiple of 59?
True
Does 48 divide 4848?
True
Is 7 a factor of 154?
True
Does 6 divide 88?
False
Is 94671 a multiple of 201?
True
Is 5928 a multiple of 13?
True
Does 17 divide 11254?
True
Is 42957 a multiple of 129?
True
Does 71 divide 5822?
True
Does 3 divide 387?
True
Does 61 divide 12923?
False
Is 150 a factor of 44700?
True
Is 495 a multiple of 59?
False
Does 36 divide 4522?
False
Is 7218 a multiple of 9?
True
Is 7 a factor of 1556?
False
Is 12 a factor of 1344?
True
Does 14 divide 1400?
True
Does 159 divide 76320?
True
Is 8 a factor of 230?
False
Is 14 a factor of 2821?
False
Is 3270 a multiple of 15?
True
Does 16 divide 4736?
True
Does 33 divide 1584?
True
Is 96707 a multiple of 13?
True
Is 96 a factor of 10976?
False
Does 30 divide 1950?
True
Is 2764 a multiple of 112?
False
Is 59 a factor of 98296?
False
Is 6 a factor of 417?
False
Is 960 a multiple of 12?
True
Does 15 divide 9568?
False
Is 6730 a multiple of 10?
True
Does 212 divide 18020?
True
Is 1449 a multiple of 23?
True
Is 22 a factor of 1254?
True
Is 15 a factor of 4095?
True
Is 68 a multiple of 26?
False
Is 62419 a multiple of 37?
True
Is 13995 a multiple of 2?
False
Is 12 a factor of 13032?
True
Is 37 a factor of 148?
True
Is 8 a factor of 1368?
True
Is 1502 a multiple of 18?
False
Does 39 divide 4095?
True
Is 30 a factor of 3660?
True
Does 12 divide 2044?
False
Is 89617 a multiple of 193?
False
Is 37926 a multiple of 49?
True
Is 13 a factor of 2598?
False
Is 17 a factor of 1054?
True
Is 1153 a multiple of 3?
False
Is 71183 a multiple of 68?
False
Does 13 divide 695?
False
Is 41358 a multiple of 61?
True
Does 73 divide 1825?
True
Does 7 divide 315?
True
Is 40 a factor of 3823?
False
Does 6 divide 21507?
False
Is 24 a factor of 11881?
False
Is 7985 a multiple of 20?
False
Is 424 a multiple of 33?
False
Is 33 a factor of 1185?
False
Is 2468 a multiple of 60?
False
Is 721 a multiple of 7?
True
Is 283 a multiple of 10?
False
Does 3 divide 137?
False
Is 259 a multiple of 19?
False
Does 23 divide 224?
False
Is 10 a factor of 666?
False
Does 149 divide 1490?
True
Is 31 a factor of 1375?
False
Does 42 divide 3562?
False
Is 494 a multiple of 13?
True
Does 78 divide 34663?
False
Is 4634 a multiple of 11?
False
Does 21 divide 1186?
False
Is 14 a factor of 182?
True
Is 23220 a multiple of 180?
True
Is 4160 a multiple of 80?
True
Is 352 a multiple of 8?
True
Is 7 a factor of 672?
True
Does 23 divide 70932?
True
Is 257 a factor of 10794?
True
Is 4 a factor of 13676?
True
Is 4 a factor of 453?
False
Is 30 a factor of 4378?
False
Is 46 a factor of 14845?
False
Does 4 divide 507?
False
Is 8 a factor of 3064?
True
Is 4 a factor of 5018?
False
Does 11 divide 1681?
False
Is 14 a factor of 70?
True
Is 49 a factor of 2695?
True
Is 758 a multiple of 15?
False
Does 7 divide 6560?
False
Is 1140 a multiple of 38?
True
Does 44 divide 15664?
True
Is 1549 a multiple of 27?
False
Is 13493 a multiple of 131?
True
Is 7 a factor of 161?
True
Does 34 divide 15776?
True
Does 7 divide 245?
True
Is 4 a factor of 1112?
True
Is 26640 a multiple of 74?
True
Is 60 a factor of 1080?
True
Is 3 a factor of 680?
False
Is 186 a factor of 43186?
False
Is 21275 a multiple of 8?
False
Does 3 divide 10143?
True
Is 4529 a multiple of 2?
False
Is 32 a factor of 474?
False
Is 2184 a multiple of 28?
True
Is 9 a factor of 1133?
False
Is 7 a factor of 827?
False
Is 1830 a multiple of 29?
False
Is 147435 a multiple of 16?
False
Is 4620 a multiple of 110?
True
Is 34 a factor of 1632?
True
Is 23 a factor of 995?
False
Is 17 a factor of 2370?
False
Is 8 a factor of 436?
False
Is 705 a multiple of 48?
False
Is 23820 a multiple of 15?
True
Is 27904 a multiple of 218?
True
Is 8460 a multiple of 60?
True
Is 23 a facto